{"id":64,"date":"2019-09-15T16:49:16","date_gmt":"2019-09-15T14:49:16","guid":{"rendered":"http:\/\/mladikat.si\/birmanec\/?page_id=64"},"modified":"2023-11-22T20:57:13","modified_gmt":"2023-11-22T19:57:13","slug":"delavnice","status":"publish","type":"page","link":"https:\/\/mladikat.rkc.si\/birmanec\/birmanski-dan\/delavnice\/","title":{"rendered":"Delavnice"},"content":{"rendered":"<p><strong>DELAVNICE na BIRMANEC.si<\/strong><br \/>\n<img loading=\"lazy\" decoding=\"async\" src=\"https:\/\/mladikat.si\/birmanec\/wp-content\/uploads\/2019\/09\/Logo-Luc-Cm-141x300.png\" alt=\"\" width=\"141\" height=\"300\" class=\"alignright size-medium wp-image-84\" srcset=\"https:\/\/mladikat.rkc.si\/birmanec\/wp-content\/uploads\/2019\/09\/Logo-Luc-Cm-141x300.png 141w, https:\/\/mladikat.rkc.si\/birmanec\/wp-content\/uploads\/2019\/09\/Logo-Luc-Cm-481x1024.png 481w, https:\/\/mladikat.rkc.si\/birmanec\/wp-content\/uploads\/2019\/09\/Logo-Luc-Cm.png 750w\" sizes=\"auto, (max-width: 141px) 100vw, 141px\" \/><em>Za vas pripravljamo naslednje delavnice:<\/em><\/p>\n<p><strong>1. <a href=\"https:\/\/www.nadskofija-maribor.si\/web\/index.php\/vodstvo\/nadskof\/nadskof-zivljenjepis\" rel=\"noopener\" target=\"_blank\">NAD\u0160KOF ALOJZIJ CVIKL<\/a><\/strong><br \/>\nLokacija: II. nadstropje, dvorana<\/p>\n<p><strong>2. <a href=\"https:\/\/cdp.nadskofija-maribor.si\/index.php\/14-poklican-si\/poklic-stalnega-diakona\/28-poklic-stalnega-diakona\" rel=\"noopener\" target=\"_blank\">DIAKONSKI POKLIC<\/a><\/strong><br \/>\nLokacija: I. nadstropje, u\u010dilnica 9<\/p>\n<p><strong>3. <a href=\"https:\/\/zupnija-petrovce.rkc.si\/dominikanci\/\" rel=\"noopener\" target=\"_blank\">DOMINIKANCI &#8211; OP<\/a><\/strong><br \/>\nLokacija: I. nadstropje, u\u010dilnica 13<\/p>\n<p><strong>4. <a href=\"http:\/\/semenisce.si\/\" rel=\"noopener\" target=\"_blank\">DUHOVNI\u0160KI POKLIC, BOGOSLOVCI<\/a><\/strong><br \/>\nLokacija: pritli\u010dje, nauk o glasbi \u2013 glasbena \u0161ola<\/p>\n<p><strong>5. <a href=\"https:\/\/www.franciskani.si\/\" rel=\"noopener\" target=\"_blank\">FRAN\u010cI\u0160KANI &#8211; OFM<\/a><\/strong><br \/>\nLokacija: I. nadstropje, skupni prostor Benjamin<\/p>\n<p><strong>6. <a href=\"https:\/\/biografski-sb.si\/?page_id=5171\" rel=\"noopener\" target=\"_blank\">FRAN\u010cI\u0160KANKE BREZMADE\u017dNEGA SPO\u010cETJA &#8211; BISTRI\u0160KE &#8211; FBS<\/a><\/strong><br \/>\nLokacija: I. nadstropje, u\u010dilnica 14<\/p>\n<p><strong>7. <a href=\"https:\/\/www.ofs.si\/\" rel=\"noopener\" target=\"_blank\">FRAN\u010cI\u0160KOV SVETNI RED &#8211; OFS<\/a><\/strong><br \/>\nLokacija: I. nadstropje, u\u010dilnica 16<\/p>\n<p><strong>8. <a href=\"https:\/\/www.fma.si\/\" rel=\"noopener\" target=\"_blank\">H\u010cERE MARIJE POMO\u010cNICE &#8211; FMA<\/a><\/strong><br \/>\nLokacija: II. nadstropje, u\u010dilnica 2<\/p>\n<p><strong>9. <a href=\"https:\/\/www.fmm.si\/\" rel=\"noopener\" target=\"_blank\">IN\u0160TITUT FRAN\u010cI\u0160KANK MARIJINIH MISIJONARK &#8211; FMM<\/a><\/strong><br \/>\nLokacija: II. nadstropje, u\u010dilnica 5<\/p>\n<p><strong>10. <a href=\"https:\/\/jezuiti.si\/\" rel=\"noopener\" target=\"_blank\">JEZUITI &#8211; SJ<\/a><\/strong><br \/>\nLokacija: II. nadstropje, u\u010dilnica 9<\/p>\n<p><strong>11. <a href=\"https:\/\/www.kapucini.si\/\" rel=\"noopener\" target=\"_blank\">KAPUCINI &#8211; OFMCap<\/a><\/strong><br \/>\nLokacija: II. nadstropje, skupni prostor Jona<\/p>\n<p><strong>12. <a href=\"https:\/\/klarise.franciskani-nazarje.si\/klarise-na-slovenskem\/\" rel=\"noopener\" target=\"_blank\">KLARISE &#8211; OSC<\/a><\/strong><br \/>\nLokacija: II. nadstropje, u\u010dilnica 10<\/p>\n<p><strong>13. <a href=\"https:\/\/lazaristi.si\/\" rel=\"noopener\" target=\"_blank\">LAZARISTI &#8211; CM<\/a><\/strong><br \/>\nLokacija: III. nadstropje, u\u010dilnica 1<\/p>\n<p><strong>14. <a href=\"https:\/\/marijine-sestre.rkc.si\/\" rel=\"noopener\" target=\"_blank\">MARIJINE SESTRE \u010cUDODELNE SVETINJE &#8211; MS<\/a><\/strong><br \/>\nLokacija: III. nadstropje, u\u010dilnica 8<\/p>\n<p><strong>15. <a href=\"http:\/\/www.minoriti.rkc.si\/\" rel=\"noopener\" target=\"_blank\">MINORITI &#8211; OFMConv<\/a><\/strong><br \/>\nLokacija: III. nadstropje, skupni prostor Tobija<\/p>\n<p><strong>16. DUHOVNIK, Primo\u017e Lorbek<\/strong><br \/>\nLokacija: III. nadstropje, u\u010dilnica 9<\/p>\n<p><strong>17. <a href=\"https:\/\/www.missio.si\/\" rel=\"noopener\" target=\"_blank\">MISIJONSKI POKLIC<\/a><\/strong><br \/>\nLokacija: III. nadstropje, skupni prostor Jakob<\/p>\n<p><strong>18. <a href=\"https:\/\/www.diz.si\/\" rel=\"noopener\" target=\"_blank\">POKLICANOST V ZAKON<\/a><\/strong><br \/>\nLokacija: IV. nadstropje, skupni prostor Noe<\/p>\n<p><strong>19. <a href=\"https:\/\/www.kanonist.eu\/blog\/2019\/9\/20\/novo-navodilo-o-redu-devic\" rel=\"noopener\" target=\"_blank\">RED DEVIC<\/a><\/strong><br \/>\nLokacija: III. nadstropje, u\u010dilnica 11<\/p>\n<p><strong>20. <a href=\"https:\/\/donbosko.si\/\" rel=\"noopener\" target=\"_blank\">SALEZIJANCI &#8211; SDB<\/a><\/strong><br \/>\nLokacija: IV. nadstropje, skupni prostor Salomon<\/p>\n<p><strong>21. <a href=\"https:\/\/solske-sestre.si\/\" rel=\"noopener\" target=\"_blank\">\u0160OLSKE SESTRE SV. FRAN\u010cI\u0160KA KRISTUSA KRALJA &#8211; \u0160SFKK<\/a><\/strong><br \/>\nLokacija: I. nadstropje, u\u010dilnica 6<\/p>\n<p><strong>22. <a href=\"https:\/\/www.ursulinke.si\/\" rel=\"noopener\" target=\"_blank\">UR\u0160ULINKE &#8211; OSU<\/a><\/strong><br \/>\nLokacija: pritli\u010dje, kapela<\/p>\n<p><strong>23. <a href=\"https:\/\/www.usmiljenke.si\/\" rel=\"noopener\" target=\"_blank\">USMILJENKE, H\u010dere kr\u0161\u010danske ljubezni &#8211; HKL<\/a><\/strong><br \/>\nLokacija: III. nadstropje, u\u010dilnica 4<\/p>\n","protected":false},"excerpt":{"rendered":"<p>DELAVNICE na BIRMANEC.si Za vas pripravljamo naslednje delavnice: 1. NAD\u0160KOF ALOJZIJ CVIKL Lokacija: II. nadstropje, dvorana 2. DIAKONSKI POKLIC Lokacija: I. nadstropje, u\u010dilnica 9 3. DOMINIKANCI &#8211; OP Lokacija: I. nadstropje, u\u010dilnica 13 4. DUHOVNI\u0160KI POKLIC, BOGOSLOVCI Lokacija: pritli\u010dje, nauk o glasbi \u2013 glasbena \u0161ola 5. FRAN\u010cI\u0160KANI &#8211; OFM Lokacija: I. nadstropje, skupni prostor Benjamin &hellip; <\/p>\n","protected":false},"author":1,"featured_media":0,"parent":12,"menu_order":0,"comment_status":"closed","ping_status":"closed","template":"","meta":{"footnotes":""},"class_list":["post-64","page","type-page","status-publish","hentry","latest_post"],"_links":{"self":[{"href":"https:\/\/mladikat.rkc.si\/birmanec\/wp-json\/wp\/v2\/pages\/64","targetHints":{"allow":["GET"]}}],"collection":[{"href":"https:\/\/mladikat.rkc.si\/birmanec\/wp-json\/wp\/v2\/pages"}],"about":[{"href":"https:\/\/mladikat.rkc.si\/birmanec\/wp-json\/wp\/v2\/types\/page"}],"author":[{"embeddable":true,"href":"https:\/\/mladikat.rkc.si\/birmanec\/wp-json\/wp\/v2\/users\/1"}],"replies":[{"embeddable":true,"href":"https:\/\/mladikat.rkc.si\/birmanec\/wp-json\/wp\/v2\/comments?post=64"}],"version-history":[{"count":59,"href":"https:\/\/mladikat.rkc.si\/birmanec\/wp-json\/wp\/v2\/pages\/64\/revisions"}],"predecessor-version":[{"id":686,"href":"https:\/\/mladikat.rkc.si\/birmanec\/wp-json\/wp\/v2\/pages\/64\/revisions\/686"}],"up":[{"embeddable":true,"href":"https:\/\/mladikat.rkc.si\/birmanec\/wp-json\/wp\/v2\/pages\/12"}],"wp:attachment":[{"href":"https:\/\/mladikat.rkc.si\/birmanec\/wp-json\/wp\/v2\/media?parent=64"}],"curies":[{"name":"wp","href":"https:\/\/api.w.org\/{rel}","templated":true}]}}